{"id":1813,"date":"2024-06-04T16:36:33","date_gmt":"2024-06-04T15:36:33","guid":{"rendered":"https:\/\/iptvsmarterspro.info\/?page_id=1813"},"modified":"2024-08-10T15:09:42","modified_gmt":"2024-08-10T14:09:42","slug":"blog","status":"publish","type":"page","link":"https:\/\/iptvsmarterspro.info\/iptv-france\/blog\/","title":{"rendered":"Blog"},"content":{"rendered":"\t\t<div data-elementor-type=\"wp-page\" data-elementor-id=\"1813\" class=\"elementor elementor-1813\" data-elementor-post-type=\"page\">\n\t\t\t\t<div class=\"elementor-element elementor-element-519f853 e-flex e-con-boxed e-con e-parent\" data-id=\"519f853\" data-element_type=\"container\" data-e-type=\"container\">\n\t\t\t\t\t<div class=\"e-con-inner\">\n\t\t\t\t<div class=\"elementor-element elementor-element-e6600f0 elementor-grid-3 elementor-grid-tablet-2 elementor-grid-mobile-1 elementor-posts--thumbnail-top elementor-widget elementor-widget-posts\" data-id=\"e6600f0\" data-element_type=\"widget\" data-e-type=\"widget\" data-settings=\"{&quot;pagination_type&quot;:&quot;numbers&quot;,&quot;classic_columns&quot;:&quot;3&quot;,&quot;classic_columns_tablet&quot;:&quot;2&quot;,&quot;classic_columns_mobile&quot;:&quot;1&quot;,&quot;classic_row_gap&quot;:{&quot;unit&quot;:&quot;px&quot;,&quot;size&quot;:35,&quot;sizes&quot;:[]},&quot;classic_row_gap_tablet&quot;:{&quot;unit&quot;:&quot;px&quot;,&quot;size&quot;:&quot;&quot;,&quot;sizes&quot;:[]},&quot;classic_row_gap_mobile&quot;:{&quot;unit&quot;:&quot;px&quot;,&quot;size&quot;:&quot;&quot;,&quot;sizes&quot;:[]}}\" data-widget_type=\"posts.classic\">\n\t\t\t\t<div class=\"elementor-widget-container\">\n\t\t\t\t\t\t\t<div class=\"elementor-posts-container elementor-posts elementor-posts--skin-classic elementor-grid\" role=\"list\">\n\t\t\t\t<article class=\"elementor-post elementor-grid-item post-26364 post type-post status-publish format-standard has-post-thumbnail hentry category-blog\" role=\"listitem\">\n\t\t\t\t<a class=\"elementor-post__thumbnail__link\" href=\"https:\/\/iptvsmarterspro.info\/iptv-france\/freeflix-tv-iptv\/\" tabindex=\"-1\" >\n\t\t\t<div class=\"elementor-post__thumbnail\"><img fetchpriority=\"high\" decoding=\"async\" width=\"740\" height=\"740\" src=\"https:\/\/iptvsmarterspro.info\/wp-content\/uploads\/2024\/10\/person-enjoying-movie-with-some-popcorn_23-2148569226.webp\" class=\"attachment-full size-full wp-image-26365\" alt=\"FreeFlix TV IPTV\" srcset=\"https:\/\/iptvsmarterspro.info\/wp-content\/uploads\/2024\/10\/person-enjoying-movie-with-some-popcorn_23-2148569226.webp 740w, https:\/\/iptvsmarterspro.info\/wp-content\/uploads\/2024\/10\/person-enjoying-movie-with-some-popcorn_23-2148569226-300x300.webp 300w, https:\/\/iptvsmarterspro.info\/wp-content\/uploads\/2024\/10\/person-enjoying-movie-with-some-popcorn_23-2148569226-150x150.webp 150w, https:\/\/iptvsmarterspro.info\/wp-content\/uploads\/2024\/10\/person-enjoying-movie-with-some-popcorn_23-2148569226-600x600.webp 600w, https:\/\/iptvsmarterspro.info\/wp-content\/uploads\/2024\/10\/person-enjoying-movie-with-some-popcorn_23-2148569226-100x100.webp 100w\" sizes=\"(max-width: 740px) 100vw, 740px\" \/><\/div>\n\t\t<\/a>\n\t\t\t\t<div class=\"elementor-post__text\">\n\t\t\t\t<h3 class=\"elementor-post__title\">\n\t\t\t<a href=\"https:\/\/iptvsmarterspro.info\/iptv-france\/freeflix-tv-iptv\/\" >\n\t\t\t\tInstaller FreeFlix TV IPTV \u2013 Guide Complet\t\t\t<\/a>\n\t\t<\/h3>\n\t\t\t\t<div class=\"elementor-post__excerpt\">\n\t\t\t<p>FreeFlix TV IPTV est une solution cl\u00e9 pour le streaming vid\u00e9o. Le guide d&rsquo;installation FreeFlix TV IPTV vous guide \u00e0<\/p>\n\t\t<\/div>\n\t\t\t\t\t<div class=\"elementor-post__read-more-wrapper\">\n\t\t\n\t\t<a class=\"elementor-post__read-more\" href=\"https:\/\/iptvsmarterspro.info\/iptv-france\/freeflix-tv-iptv\/\" aria-label=\"Read more about Installer FreeFlix TV IPTV \u2013 Guide Complet\" tabindex=\"-1\" >\n\t\t\tVoir plus \u00bb\t\t<\/a>\n\n\t\t\t\t\t<\/div>\n\t\t\t\t<\/div>\n\t\t\t\t<\/article>\n\t\t\t\t<article class=\"elementor-post elementor-grid-item post-26361 post type-post status-publish format-standard has-post-thumbnail hentry category-blog\" role=\"listitem\">\n\t\t\t\t<a class=\"elementor-post__thumbnail__link\" href=\"https:\/\/iptvsmarterspro.info\/iptv-france\/dev-iptv-pro\/\" tabindex=\"-1\" >\n\t\t\t<div class=\"elementor-post__thumbnail\"><img decoding=\"async\" width=\"996\" height=\"664\" src=\"https:\/\/iptvsmarterspro.info\/wp-content\/uploads\/2024\/10\/open-air-cinema-with-people-blankets_23-2148658944.webp\" class=\"attachment-full size-full wp-image-26362\" alt=\"Dev IPTV Pro\" srcset=\"https:\/\/iptvsmarterspro.info\/wp-content\/uploads\/2024\/10\/open-air-cinema-with-people-blankets_23-2148658944.webp 996w, https:\/\/iptvsmarterspro.info\/wp-content\/uploads\/2024\/10\/open-air-cinema-with-people-blankets_23-2148658944-300x200.webp 300w, https:\/\/iptvsmarterspro.info\/wp-content\/uploads\/2024\/10\/open-air-cinema-with-people-blankets_23-2148658944-768x512.webp 768w, https:\/\/iptvsmarterspro.info\/wp-content\/uploads\/2024\/10\/open-air-cinema-with-people-blankets_23-2148658944-600x400.webp 600w\" sizes=\"(max-width: 996px) 100vw, 996px\" \/><\/div>\n\t\t<\/a>\n\t\t\t\t<div class=\"elementor-post__text\">\n\t\t\t\t<h3 class=\"elementor-post__title\">\n\t\t\t<a href=\"https:\/\/iptvsmarterspro.info\/iptv-france\/dev-iptv-pro\/\" >\n\t\t\t\tComment installer Dev IPTV Pro sur FireStick ou Android TV\t\t\t<\/a>\n\t\t<\/h3>\n\t\t\t\t<div class=\"elementor-post__excerpt\">\n\t\t\t<p>Le streaming en ligne a chang\u00e9 notre fa\u00e7on de regarder la t\u00e9l\u00e9. Dev IPTV Pro est un grand nom dans<\/p>\n\t\t<\/div>\n\t\t\t\t\t<div class=\"elementor-post__read-more-wrapper\">\n\t\t\n\t\t<a class=\"elementor-post__read-more\" href=\"https:\/\/iptvsmarterspro.info\/iptv-france\/dev-iptv-pro\/\" aria-label=\"Read more about Comment installer Dev IPTV Pro sur FireStick ou Android TV\" tabindex=\"-1\" >\n\t\t\tVoir plus \u00bb\t\t<\/a>\n\n\t\t\t\t\t<\/div>\n\t\t\t\t<\/div>\n\t\t\t\t<\/article>\n\t\t\t\t<article class=\"elementor-post elementor-grid-item post-26358 post type-post status-publish format-standard has-post-thumbnail hentry category-blog\" role=\"listitem\">\n\t\t\t\t<a class=\"elementor-post__thumbnail__link\" href=\"https:\/\/iptvsmarterspro.info\/iptv-france\/ott-navigator\/\" tabindex=\"-1\" >\n\t\t\t<div class=\"elementor-post__thumbnail\"><img decoding=\"async\" width=\"996\" height=\"664\" src=\"https:\/\/iptvsmarterspro.info\/wp-content\/uploads\/2024\/10\/man-watching-television-armchair-tv-sitting-chair-drinking-eating-vector-flat-illustration_1284-42407.webp\" class=\"attachment-full size-full wp-image-26359\" alt=\"IPTV Ott Navigator\" srcset=\"https:\/\/iptvsmarterspro.info\/wp-content\/uploads\/2024\/10\/man-watching-television-armchair-tv-sitting-chair-drinking-eating-vector-flat-illustration_1284-42407.webp 996w, https:\/\/iptvsmarterspro.info\/wp-content\/uploads\/2024\/10\/man-watching-television-armchair-tv-sitting-chair-drinking-eating-vector-flat-illustration_1284-42407-300x200.webp 300w, https:\/\/iptvsmarterspro.info\/wp-content\/uploads\/2024\/10\/man-watching-television-armchair-tv-sitting-chair-drinking-eating-vector-flat-illustration_1284-42407-768x512.webp 768w, https:\/\/iptvsmarterspro.info\/wp-content\/uploads\/2024\/10\/man-watching-television-armchair-tv-sitting-chair-drinking-eating-vector-flat-illustration_1284-42407-600x400.webp 600w\" sizes=\"(max-width: 996px) 100vw, 996px\" \/><\/div>\n\t\t<\/a>\n\t\t\t\t<div class=\"elementor-post__text\">\n\t\t\t\t<h3 class=\"elementor-post__title\">\n\t\t\t<a href=\"https:\/\/iptvsmarterspro.info\/iptv-france\/ott-navigator\/\" >\n\t\t\t\tComment installer le lecteur IPTV Ott Navigator\t\t\t<\/a>\n\t\t<\/h3>\n\t\t\t\t<div class=\"elementor-post__excerpt\">\n\t\t\t<p>IPTV Ott Navigator est un lecteur pour plusieurs appareils Android. Il permet de regarder du streaming vid\u00e9o IP et de<\/p>\n\t\t<\/div>\n\t\t\t\t\t<div class=\"elementor-post__read-more-wrapper\">\n\t\t\n\t\t<a class=\"elementor-post__read-more\" href=\"https:\/\/iptvsmarterspro.info\/iptv-france\/ott-navigator\/\" aria-label=\"Read more about Comment installer le lecteur IPTV Ott Navigator\" tabindex=\"-1\" >\n\t\t\tVoir plus \u00bb\t\t<\/a>\n\n\t\t\t\t\t<\/div>\n\t\t\t\t<\/div>\n\t\t\t\t<\/article>\n\t\t\t\t<article class=\"elementor-post elementor-grid-item post-26354 post type-post status-publish format-standard has-post-thumbnail hentry category-blog\" role=\"listitem\">\n\t\t\t\t<a class=\"elementor-post__thumbnail__link\" href=\"https:\/\/iptvsmarterspro.info\/iptv-france\/iptv-extreme\/\" tabindex=\"-1\" >\n\t\t\t<div class=\"elementor-post__thumbnail\"><img loading=\"lazy\" decoding=\"async\" width=\"996\" height=\"664\" src=\"https:\/\/iptvsmarterspro.info\/wp-content\/uploads\/2024\/10\/organic-flat-gamer-room-illustrated_23-2148934415.webp\" class=\"attachment-full size-full wp-image-26355\" alt=\"IPTV Extreme Pro\" srcset=\"https:\/\/iptvsmarterspro.info\/wp-content\/uploads\/2024\/10\/organic-flat-gamer-room-illustrated_23-2148934415.webp 996w, https:\/\/iptvsmarterspro.info\/wp-content\/uploads\/2024\/10\/organic-flat-gamer-room-illustrated_23-2148934415-300x200.webp 300w, https:\/\/iptvsmarterspro.info\/wp-content\/uploads\/2024\/10\/organic-flat-gamer-room-illustrated_23-2148934415-768x512.webp 768w, https:\/\/iptvsmarterspro.info\/wp-content\/uploads\/2024\/10\/organic-flat-gamer-room-illustrated_23-2148934415-600x400.webp 600w\" sizes=\"(max-width: 996px) 100vw, 996px\" \/><\/div>\n\t\t<\/a>\n\t\t\t\t<div class=\"elementor-post__text\">\n\t\t\t\t<h3 class=\"elementor-post__title\">\n\t\t\t<a href=\"https:\/\/iptvsmarterspro.info\/iptv-france\/iptv-extreme\/\" >\n\t\t\t\tIPTV Extreme Pro: Install Your Ultimate Streaming App\t\t\t<\/a>\n\t\t<\/h3>\n\t\t\t\t<div class=\"elementor-post__excerpt\">\n\t\t\t<p>Vous cherchez une application pour regarder vos cha\u00eenes IPTV pr\u00e9f\u00e9r\u00e9es ? IPTV Extreme Pro est la solution id\u00e9ale. Avec plus<\/p>\n\t\t<\/div>\n\t\t\t\t\t<div class=\"elementor-post__read-more-wrapper\">\n\t\t\n\t\t<a class=\"elementor-post__read-more\" href=\"https:\/\/iptvsmarterspro.info\/iptv-france\/iptv-extreme\/\" aria-label=\"Read more about IPTV Extreme Pro: Install Your Ultimate Streaming App\" tabindex=\"-1\" >\n\t\t\tVoir plus \u00bb\t\t<\/a>\n\n\t\t\t\t\t<\/div>\n\t\t\t\t<\/div>\n\t\t\t\t<\/article>\n\t\t\t\t<article class=\"elementor-post elementor-grid-item post-26351 post type-post status-publish format-standard has-post-thumbnail hentry category-blog\" role=\"listitem\">\n\t\t\t\t<a class=\"elementor-post__thumbnail__link\" href=\"https:\/\/iptvsmarterspro.info\/iptv-france\/gse-smart-iptv-player\/\" tabindex=\"-1\" >\n\t\t\t<div class=\"elementor-post__thumbnail\"><img loading=\"lazy\" decoding=\"async\" width=\"996\" height=\"664\" src=\"https:\/\/iptvsmarterspro.info\/wp-content\/uploads\/2024\/10\/home-cinema-concept-illustration_114360-4770.webp\" class=\"attachment-full size-full wp-image-26352\" alt=\"GSE Smart IPTV Player\" srcset=\"https:\/\/iptvsmarterspro.info\/wp-content\/uploads\/2024\/10\/home-cinema-concept-illustration_114360-4770.webp 996w, https:\/\/iptvsmarterspro.info\/wp-content\/uploads\/2024\/10\/home-cinema-concept-illustration_114360-4770-300x200.webp 300w, https:\/\/iptvsmarterspro.info\/wp-content\/uploads\/2024\/10\/home-cinema-concept-illustration_114360-4770-768x512.webp 768w, https:\/\/iptvsmarterspro.info\/wp-content\/uploads\/2024\/10\/home-cinema-concept-illustration_114360-4770-600x400.webp 600w\" sizes=\"(max-width: 996px) 100vw, 996px\" \/><\/div>\n\t\t<\/a>\n\t\t\t\t<div class=\"elementor-post__text\">\n\t\t\t\t<h3 class=\"elementor-post__title\">\n\t\t\t<a href=\"https:\/\/iptvsmarterspro.info\/iptv-france\/gse-smart-iptv-player\/\" >\n\t\t\t\tHow to Install GSE Smart IPTV Player on Firestick\/Android\t\t\t<\/a>\n\t\t<\/h3>\n\t\t\t\t<div class=\"elementor-post__excerpt\">\n\t\t\t<p>Vous cherchez un lecteur IPTV fiable pour votre box Android ou Firestick ? GSE Smart IPTV Player est la solution.<\/p>\n\t\t<\/div>\n\t\t\t\t\t<div class=\"elementor-post__read-more-wrapper\">\n\t\t\n\t\t<a class=\"elementor-post__read-more\" href=\"https:\/\/iptvsmarterspro.info\/iptv-france\/gse-smart-iptv-player\/\" aria-label=\"Read more about How to Install GSE Smart IPTV Player on Firestick\/Android\" tabindex=\"-1\" >\n\t\t\tVoir plus \u00bb\t\t<\/a>\n\n\t\t\t\t\t<\/div>\n\t\t\t\t<\/div>\n\t\t\t\t<\/article>\n\t\t\t\t<article class=\"elementor-post elementor-grid-item post-26348 post type-post status-publish format-standard has-post-thumbnail hentry category-blog\" role=\"listitem\">\n\t\t\t\t<a class=\"elementor-post__thumbnail__link\" href=\"https:\/\/iptvsmarterspro.info\/iptv-france\/xciptv-player\/\" tabindex=\"-1\" >\n\t\t\t<div class=\"elementor-post__thumbnail\"><img loading=\"lazy\" decoding=\"async\" width=\"996\" height=\"664\" src=\"https:\/\/iptvsmarterspro.info\/wp-content\/uploads\/2024\/10\/hand-drawn-football-fans-illustration_23-2149878047.webp\" class=\"attachment-full size-full wp-image-26349\" alt=\"XCIPTV Player\" srcset=\"https:\/\/iptvsmarterspro.info\/wp-content\/uploads\/2024\/10\/hand-drawn-football-fans-illustration_23-2149878047.webp 996w, https:\/\/iptvsmarterspro.info\/wp-content\/uploads\/2024\/10\/hand-drawn-football-fans-illustration_23-2149878047-300x200.webp 300w, https:\/\/iptvsmarterspro.info\/wp-content\/uploads\/2024\/10\/hand-drawn-football-fans-illustration_23-2149878047-768x512.webp 768w, https:\/\/iptvsmarterspro.info\/wp-content\/uploads\/2024\/10\/hand-drawn-football-fans-illustration_23-2149878047-600x400.webp 600w\" sizes=\"(max-width: 996px) 100vw, 996px\" \/><\/div>\n\t\t<\/a>\n\t\t\t\t<div class=\"elementor-post__text\">\n\t\t\t\t<h3 class=\"elementor-post__title\">\n\t\t\t<a href=\"https:\/\/iptvsmarterspro.info\/iptv-france\/xciptv-player\/\" >\n\t\t\t\tGuide: Installer XCIPTV Player Facilement\t\t\t<\/a>\n\t\t<\/h3>\n\t\t\t\t<div class=\"elementor-post__excerpt\">\n\t\t\t<p>Vous voulez installer XCIPTV Player pour un streaming IPTV top ? Ce guide vous montre comment en 7 \u00e9tapes. XCIPTV<\/p>\n\t\t<\/div>\n\t\t\t\t\t<div class=\"elementor-post__read-more-wrapper\">\n\t\t\n\t\t<a class=\"elementor-post__read-more\" href=\"https:\/\/iptvsmarterspro.info\/iptv-france\/xciptv-player\/\" aria-label=\"Read more about Guide: Installer XCIPTV Player Facilement\" tabindex=\"-1\" >\n\t\t\tVoir plus \u00bb\t\t<\/a>\n\n\t\t\t\t\t<\/div>\n\t\t\t\t<\/div>\n\t\t\t\t<\/article>\n\t\t\t\t<\/div>\n\t\t\n\t\t\t\t<div class=\"e-load-more-anchor\" data-page=\"1\" data-max-page=\"6\" data-next-page=\"https:\/\/iptvsmarterspro.info\/iptv-france\/wp-json\/wp\/v2\/pages\/1813\/page\/2\/\"><\/div>\n\t\t\t\t<nav class=\"elementor-pagination\" aria-label=\"Pagination\">\n\t\t\t<span aria-current=\"page\" class=\"page-numbers current\"><span class=\"elementor-screen-only\">Page<\/span>1<\/span>\n<a class=\"page-numbers\" href=\"https:\/\/iptvsmarterspro.info\/iptv-france\/wp-json\/wp\/v2\/pages\/1813\/page\/2\/\"><span class=\"elementor-screen-only\">Page<\/span>2<\/a>\n<a class=\"page-numbers\" href=\"https:\/\/iptvsmarterspro.info\/iptv-france\/wp-json\/wp\/v2\/pages\/1813\/page\/3\/\"><span class=\"elementor-screen-only\">Page<\/span>3<\/a>\n<a class=\"page-numbers\" href=\"https:\/\/iptvsmarterspro.info\/iptv-france\/wp-json\/wp\/v2\/pages\/1813\/page\/4\/\"><span class=\"elementor-screen-only\">Page<\/span>4<\/a>\n<a class=\"page-numbers\" href=\"https:\/\/iptvsmarterspro.info\/iptv-france\/wp-json\/wp\/v2\/pages\/1813\/page\/5\/\"><span class=\"elementor-screen-only\">Page<\/span>5<\/a>\t\t<\/nav>\n\t\t\t\t\t\t<\/div>\n\t\t\t\t<\/div>\n\t\t\t\t\t<\/div>\n\t\t\t\t<\/div>\n\t\t\t\t<\/div>\n\t\t","protected":false},"excerpt":{"rendered":"","protected":false},"author":4,"featured_media":0,"parent":0,"menu_order":0,"comment_status":"closed","ping_status":"closed","template":"","meta":{"footnotes":""},"class_list":["post-1813","page","type-page","status-publish","hentry"],"yoast_head":"<!-- This site is optimized with the Yoast SEO plugin v27.5 - https:\/\/yoast.com\/product\/yoast-seo-wordpress\/ -->\n<title>Blog - SMARTERS PRO<\/title>\n<meta name=\"robots\" content=\"index, follow, max-snippet:-1, max-image-preview:large, max-video-preview:-1\" \/>\n<link rel=\"canonical\" href=\"https:\/\/iptvsmarterspro.info\/iptv-france\/blog\/\" \/>\n<meta property=\"og:locale\" content=\"fr_FR\" \/>\n<meta property=\"og:type\" content=\"article\" \/>\n<meta property=\"og:title\" content=\"Blog - SMARTERS PRO\" \/>\n<meta property=\"og:url\" content=\"https:\/\/iptvsmarterspro.info\/iptv-france\/blog\/\" \/>\n<meta property=\"og:site_name\" content=\"SMARTERS PRO\" \/>\n<meta property=\"article:modified_time\" content=\"2024-08-10T14:09:42+00:00\" \/>\n<meta name=\"twitter:card\" content=\"summary_large_image\" \/>\n<meta name=\"twitter:label1\" content=\"Dur\u00e9e de lecture estim\u00e9e\" \/>\n\t<meta name=\"twitter:data1\" content=\"5 minutes\" \/>\n<script type=\"application\/ld+json\" class=\"yoast-schema-graph\">{\"@context\":\"https:\\\/\\\/schema.org\",\"@graph\":[{\"@type\":\"WebPage\",\"@id\":\"https:\\\/\\\/iptvsmarterspro.info\\\/iptv-france\\\/blog\\\/\",\"url\":\"https:\\\/\\\/iptvsmarterspro.info\\\/iptv-france\\\/blog\\\/\",\"name\":\"Blog - SMARTERS PRO\",\"isPartOf\":{\"@id\":\"https:\\\/\\\/iptvsmarterspro.info\\\/iptv-france\\\/#website\"},\"datePublished\":\"2024-06-04T15:36:33+00:00\",\"dateModified\":\"2024-08-10T14:09:42+00:00\",\"breadcrumb\":{\"@id\":\"https:\\\/\\\/iptvsmarterspro.info\\\/iptv-france\\\/blog\\\/#breadcrumb\"},\"inLanguage\":\"fr-FR\",\"potentialAction\":[{\"@type\":\"ReadAction\",\"target\":[\"https:\\\/\\\/iptvsmarterspro.info\\\/iptv-france\\\/blog\\\/\"]}]},{\"@type\":\"BreadcrumbList\",\"@id\":\"https:\\\/\\\/iptvsmarterspro.info\\\/iptv-france\\\/blog\\\/#breadcrumb\",\"itemListElement\":[{\"@type\":\"ListItem\",\"position\":1,\"name\":\"Accueil\",\"item\":\"https:\\\/\\\/iptvsmarterspro.info\\\/iptv-france\\\/\"},{\"@type\":\"ListItem\",\"position\":2,\"name\":\"Blog\"}]},{\"@type\":\"WebSite\",\"@id\":\"https:\\\/\\\/iptvsmarterspro.info\\\/iptv-france\\\/#website\",\"url\":\"https:\\\/\\\/iptvsmarterspro.info\\\/iptv-france\\\/\",\"name\":\"IPTV SMARTERS PRO\",\"description\":\"IPTV Smarters\u00ae Site Officiel - Abonnement IPTV Smarters Pro\",\"publisher\":{\"@id\":\"https:\\\/\\\/iptvsmarterspro.info\\\/iptv-france\\\/#organization\"},\"potentialAction\":[{\"@type\":\"SearchAction\",\"target\":{\"@type\":\"EntryPoint\",\"urlTemplate\":\"https:\\\/\\\/iptvsmarterspro.info\\\/iptv-france\\\/?s={search_term_string}\"},\"query-input\":{\"@type\":\"PropertyValueSpecification\",\"valueRequired\":true,\"valueName\":\"search_term_string\"}}],\"inLanguage\":\"fr-FR\"},{\"@type\":\"Organization\",\"@id\":\"https:\\\/\\\/iptvsmarterspro.info\\\/iptv-france\\\/#organization\",\"name\":\"IPTV SMARTERS PRO\",\"url\":\"https:\\\/\\\/iptvsmarterspro.info\\\/iptv-france\\\/\",\"logo\":{\"@type\":\"ImageObject\",\"inLanguage\":\"fr-FR\",\"@id\":\"https:\\\/\\\/iptvsmarterspro.info\\\/iptv-france\\\/#\\\/schema\\\/logo\\\/image\\\/\",\"url\":\"https:\\\/\\\/iptvsmarterspro.info\\\/wp-content\\\/uploads\\\/2024\\\/07\\\/IPTV-Smarters-Pro-Logo.webp\",\"contentUrl\":\"https:\\\/\\\/iptvsmarterspro.info\\\/wp-content\\\/uploads\\\/2024\\\/07\\\/IPTV-Smarters-Pro-Logo.webp\",\"width\":512,\"height\":512,\"caption\":\"IPTV SMARTERS PRO\"},\"image\":{\"@id\":\"https:\\\/\\\/iptvsmarterspro.info\\\/iptv-france\\\/#\\\/schema\\\/logo\\\/image\\\/\"}}]}<\/script>\n<!-- \/ Yoast SEO plugin. -->","yoast_head_json":{"title":"Blog - SMARTERS PRO","robots":{"index":"index","follow":"follow","max-snippet":"max-snippet:-1","max-image-preview":"max-image-preview:large","max-video-preview":"max-video-preview:-1"},"canonical":"https:\/\/iptvsmarterspro.info\/iptv-france\/blog\/","og_locale":"fr_FR","og_type":"article","og_title":"Blog - SMARTERS PRO","og_url":"https:\/\/iptvsmarterspro.info\/iptv-france\/blog\/","og_site_name":"SMARTERS PRO","article_modified_time":"2024-08-10T14:09:42+00:00","twitter_card":"summary_large_image","twitter_misc":{"Dur\u00e9e de lecture estim\u00e9e":"5 minutes"},"schema":{"@context":"https:\/\/schema.org","@graph":[{"@type":"WebPage","@id":"https:\/\/iptvsmarterspro.info\/iptv-france\/blog\/","url":"https:\/\/iptvsmarterspro.info\/iptv-france\/blog\/","name":"Blog - SMARTERS PRO","isPartOf":{"@id":"https:\/\/iptvsmarterspro.info\/iptv-france\/#website"},"datePublished":"2024-06-04T15:36:33+00:00","dateModified":"2024-08-10T14:09:42+00:00","breadcrumb":{"@id":"https:\/\/iptvsmarterspro.info\/iptv-france\/blog\/#breadcrumb"},"inLanguage":"fr-FR","potentialAction":[{"@type":"ReadAction","target":["https:\/\/iptvsmarterspro.info\/iptv-france\/blog\/"]}]},{"@type":"BreadcrumbList","@id":"https:\/\/iptvsmarterspro.info\/iptv-france\/blog\/#breadcrumb","itemListElement":[{"@type":"ListItem","position":1,"name":"Accueil","item":"https:\/\/iptvsmarterspro.info\/iptv-france\/"},{"@type":"ListItem","position":2,"name":"Blog"}]},{"@type":"WebSite","@id":"https:\/\/iptvsmarterspro.info\/iptv-france\/#website","url":"https:\/\/iptvsmarterspro.info\/iptv-france\/","name":"IPTV SMARTERS PRO","description":"IPTV Smarters\u00ae Site Officiel - Abonnement IPTV Smarters Pro","publisher":{"@id":"https:\/\/iptvsmarterspro.info\/iptv-france\/#organization"},"potentialAction":[{"@type":"SearchAction","target":{"@type":"EntryPoint","urlTemplate":"https:\/\/iptvsmarterspro.info\/iptv-france\/?s={search_term_string}"},"query-input":{"@type":"PropertyValueSpecification","valueRequired":true,"valueName":"search_term_string"}}],"inLanguage":"fr-FR"},{"@type":"Organization","@id":"https:\/\/iptvsmarterspro.info\/iptv-france\/#organization","name":"IPTV SMARTERS PRO","url":"https:\/\/iptvsmarterspro.info\/iptv-france\/","logo":{"@type":"ImageObject","inLanguage":"fr-FR","@id":"https:\/\/iptvsmarterspro.info\/iptv-france\/#\/schema\/logo\/image\/","url":"https:\/\/iptvsmarterspro.info\/wp-content\/uploads\/2024\/07\/IPTV-Smarters-Pro-Logo.webp","contentUrl":"https:\/\/iptvsmarterspro.info\/wp-content\/uploads\/2024\/07\/IPTV-Smarters-Pro-Logo.webp","width":512,"height":512,"caption":"IPTV SMARTERS PRO"},"image":{"@id":"https:\/\/iptvsmarterspro.info\/iptv-france\/#\/schema\/logo\/image\/"}}]}},"_links":{"self":[{"href":"https:\/\/iptvsmarterspro.info\/iptv-france\/wp-json\/wp\/v2\/pages\/1813","targetHints":{"allow":["GET"]}}],"collection":[{"href":"https:\/\/iptvsmarterspro.info\/iptv-france\/wp-json\/wp\/v2\/pages"}],"about":[{"href":"https:\/\/iptvsmarterspro.info\/iptv-france\/wp-json\/wp\/v2\/types\/page"}],"author":[{"embeddable":true,"href":"https:\/\/iptvsmarterspro.info\/iptv-france\/wp-json\/wp\/v2\/users\/4"}],"replies":[{"embeddable":true,"href":"https:\/\/iptvsmarterspro.info\/iptv-france\/wp-json\/wp\/v2\/comments?post=1813"}],"version-history":[{"count":0,"href":"https:\/\/iptvsmarterspro.info\/iptv-france\/wp-json\/wp\/v2\/pages\/1813\/revisions"}],"wp:attachment":[{"href":"https:\/\/iptvsmarterspro.info\/iptv-france\/wp-json\/wp\/v2\/media?parent=1813"}],"curies":[{"name":"wp","href":"https:\/\/api.w.org\/{rel}","templated":true}]}}